*r, 4*g + 3*r = i. What is the remainder when 91/(-104)*(-9)/(-63) + (-137)/(-8) is divided by g?
8
Let b(w) = -w**2 + 5*w + 5. Calculate the remainder when 26 is divided by b(3).
4
Suppose 0 = -2*z + 7 + 37. Let y(l) = -3*l**3 - l**2 + 3*l + 2. Let s be y(-2). Let u = s + -10. What is the remainder when z is divided by u?
4
Suppose -3*z - 42 + 21 = 0. Let l(j) = j**3 + 8*j**2 + 8*j + 8. Calculate the remainder when 2 is divided by l(z).
0
Let u = -768 - -974. What is the remainder when u is divided by 6?
2
Suppose -5*s + 6*n = 8*n - 473, 4*n - 295 = -3*s. What is the remainder when 929 is divided by s?
92
Let c(k) = 8*k - 9. Let w be c(-11). Let h = -52 - w. Suppose 2*i = h - 9. What is the remainder when i is divided by 7?
4
Suppose -2*q = 5*w - 23, -3*w + 5 = 2*q - 12. Suppose 4*s + w*r - 44 = -r, 76 = 4*s - 4*r. What is the remainder when s is divided by 9?
6
Let z = 17 + -9. Calculate the remainder when (-1)/(-6) - (-5727)/414 is divided by z.
6
Suppose 0 = 5*y + 5, 5*x + 5*y = 3*y + 398. Let r = -27 + x. What is the remainder when r is divided by 27?
26
Suppose -202 = 64*t - 65*t. What is the remainder when t is divided by 19?
12
Let b = -772 - -871. Calculate the remainder when b is divided by 6.
3
Suppose -38*r + 671 = 139. What is the remainder when 81 is divided by r?
11
Suppose d - 5*r - 39 = 0, -1 = -5*r - 16. Let o(g) = -3*g + 75. What is the remainder when o(-6) is divided by d?
21
Suppose 0 = -3*z + s + 696, -2*s + 232 = z - 0*z. Calculate the remainder when z is divided by 80.
72
Let d = -138 + 94. Let o = d - -62. Calculate the remainder when o is divided by 4.
2
Suppose 3*h - 14 - 4 = 0. Let x(d) = d**3 - 6*d**2 + 9*d + 5. What is the remainder when x(h) is divided by 20?
19
Let b(i) = 6*i**2 - 17*i - 97. Calculate the remainder when b(-7) is divided by 20.
16
Let a(q) = q**3 - 9*q**2 - 10*q + 11. Let g be a(10). Let n(j) = j**3 - 12*j**2 + 11*j + 26. What is the remainder when n(g) is divided by 7?
5
Suppose 3*v - 20 = -2*v. Suppose -v*d + 1 = -11. Let a = 9 + d. Calculate the remainder when 22 is divided by a.
10
Suppose -5*i = 0, -5*b - 3*i + 20 = -5*i. Let g(r) = 9*r - 10. What is the remainder when g(b) is divided by 8?
2
Let a(y) = 2*y. Calculate the remainder when -1 + (156/10 - (-10)/25) is divided by a(4).
7
Let p = 23 + -8. Let c be 2/5 + (-9)/(-15). Calculate the remainder when p is divided by 24/18*6/c.
7
Let x be 12/5*(-10)/(-3). Suppose 3*f = b + b + x, 4*f - 10 = 2*b. What is the remainder when (-39)/(-6)*(-8)/b is divided by 27?
25
Let h = 33 + -21. Let d(s) = -s**3 + 11*s**2 + 14*s - 1. Calculate the remainder when 68 is divided by d(h).
22
Suppose 3*o - 15 = 5*c + 70, -2*o = -3*c - 57. Calculate the remainder when 3 is divided by (-4)/(o/(-9) - -2).
0
Let y be ((-115)/(-20))/(2/8). Let p = y - 17. Let r(n) = n**3 + 7*n**2 + 2*n - 7. Calculate the remainder when r(-3) is divided by p.
5
Suppose -q = 3*c + 2*q - 69, 2*q = -c + 24. Let s = -993 - -1000. What is the remainder when c is divided by s?
1
Suppose 0 = 5*a - 4*a - i - 10, 3*a + 4*i = 9. Let q(y) = 2*y**2 + 4*y - 21. Calculate the remainder when q(a) is divided by (-1)/3 - 246/(-9).
24
Let q = 418 - 384. Calculate the remainder when q is divided by 4.
2
Let j be (3/(-4))/((-3)/144). Suppose -5*a - 1 - 4 = 5*z, 5*a + 3 = -3*z. Suppose u + 2*u - j = a. What is the remainder when 47 is divided by u?
11
Suppose -4*j = -3 - 5, 5*j = -5*d + 180. Calculate the remainder when 63 is divided by d.
29
Let o(v) = -v**2 + 6*v - 4. Let x be o(4). Suppose -x*n + 170 = n. What is the remainder when n is divided by 7?
6
What is the remainder when 404 is divided by ((-27)/(-18))/((-12)/(-56)) - -4?
8
Suppose 0 = 2*x - 363 + 147. What is the remainder when x is divided by 4?
0
Suppose -8*z - 57 = -777. Let w = z - 51. Let v(f) = -f**3 - 6*f**2 - 2*f + 8. What is the remainder when w is divided by v(-6)?
19
Let z(b) = 2*b**2 - 57*b + 40. Calculate the remainder when 321 is divided by z(28).
9
Let g = 268 - 174. What is the remainder when g is divided by 12?
10
Let y = 62 - 46. What is the remainder when 45 is divided by 4 - (y/(-4) - 4)?
9
Suppose -11*q = -47 - 217. What is the remainder when 101 is divided by q?
5
Suppose 2*c - 184 = -6*c. Suppose 2*q + 3 = -3*d + 2, -4*q + c = d. Calculate the remainder when q is divided by 5.
2
Let l = -7 - 2. Let a(j) = -23*j + 13. Let i be a(l). Suppose -i = -0*m - 4*m. What is the remainder when m is divided by 14?
13
Suppose -b = 4, -k + 4*b = b + 81. Let z = 10 + -179. Let o = k - z. What is the remainder when o is divided by 26?
24
Let k = -222 + 247. Suppose 0 = 3*p - 93 - 129. Calculate the remainder when p is divided by k.
24
Let b(d) = -d**2 + 2*d + 10. Let j be b(0). Calculate the remainder when 13 is divided by (-3)/(-3)*(-3 + j).
6
Suppose -20*l = -2*l - 378. Calculate the remainder when l is divided by 1.
0
Let n = -88 + 121. What is the remainder when 62 is divided by n?
29
Let j(s) = s - 2 - 8*s + 1 - 2*s. Suppose y - 11 = -3*x + 9, 0 = 4*x - y - 29. What is the remainder when j(-3) is divided by x?
5
Suppose -u = -5*u - 780. Calculate the remainder when (6/15)/((-3)/u) is divided by 7.
5
Let i(v) = v**3 + 30*v**2 + 31*v + 265. What is the remainder when i(-29) is divided by 32?
15
Let u(h) = h**2 + 3. Suppose -11 = -s - 7. Suppose s*n - a = 2*a, -a = 2*n - 10. What is the remainder when 21 is divided by u(n)?
9
Suppose -o + 6 = -4*j, -3*j + 79 - 26 = 5*o. What is the remainder when 308 is divided by o?
8
Let b(v) = v - 2. Let h be b(2). Let i = 38 - 27. Let q = i - h. What is the remainder when 21 is divided by q?
10
Suppose -5*j + 12 = 7*n - 6*n, -5*n = 5*j - 60. Suppose 5*z + 9 - 34 = 0. Calculate the remainder when n is divided by z.
2
Suppose 4*m + 55 = w, 0 = 3*w - 9*m + 5*m - 165. Calculate the remainder when 272 is divided by w.
52
Let w be (2/4)/(-5*(-4)/40). Calculate the remainder when 21 is divided by (-12)/(-18)*24*w.
5
Suppose i = 5*i - 104. Let x(k) = 50 - i - 35 + k. What is the remainder when 10 is divided by x(17)?
4
Suppose -5*c + 352 - 47 = 0. Calculate the remainder when c + (2/5 - 18/(-30)) is divided by 21.
20
Suppose -4*a - a = 510. Let w = a + 207. Suppose -u = -5*l - 6*u + w, -5*l + 75 = -5*u. Calculate the remainder when 71 is divided by l.
17
Suppose 5*j - 234 - 431 = 0. Let c = -43 + j. Calculate the remainder when c is divided by 31.
28
Suppose 4*m = 2*m + 18. Let f(w) = w + 4. Calculate the remainder when 64 is divided by f(m).
12
Suppose 8*n = 3*x + 3*n - 36, -4*n + 16 = 4*x. Suppose -v = -2*c + x*c - 38, -2*c - 165 = -3*v. Calculate the remainder when v is divided by 20.
13
Let v = 211 + -190. Calculate the remainder when v is divided by 10.
1
Let b(t) = -2*t**2 + 20*t + 32. Calculate the remainder when 206 is divided by b(11).
6
Let a be 171/5 + (-5)/25. Suppose -7*k = -6*k - 17. Let s = a - k. Calculate the remainder when 66 is divided by s.
15
Suppose 2*k = -t + 48, 3*k = 3*t + 8 + 82. Calculate the remainder when 44 is divided by k.
18
Suppose 0*b + 168 = 14*b. What is the remainder when 92 is divided by b?
8
Suppose -10*o + 150 = -4*o. Calculate the remainder when ((-30)/o)/(6/(-160)) is divided by (-42)/(-4) - 19/(-38).
10
Let a(t) = -t**3 - 12*t**2 - 12*t + 10. Let k(l) = 11*l**3 + l**2 - 1. Let m be k(-1). Calculate the remainder when a(m) is divided by 4.
1
Let i(l) = -l**3 - 3*l**2 - 3*l - 1. Suppose 4*o + 2 = 5*r - 4, 5*r + 26 = -4*o. Let a be i(r). What is the remainder when 81 + a - (-15 + 14) is divided by 28?
27
Suppose 5*a + 2*f = 67, 5*f = 4*f - 4. Suppose 0 = -58*n - 7*n + 2795. Calculate the remainder when n is divided by a.
13
Calculate the remainder when 266 is divided by (9 + (-770)/50)/((-6)/15).
10
Let o be (0*4/(-12))/2. Suppose -5*v + 56 = -5*q - 54, o = q + 4. Calculate the remainder when 51 is divided by v.
15
Suppose 13 = 4*t + 1. Suppose 0 = -0*c - t*c + 18. Suppose 5*n - 69 = 11. Calculate the remainder when n is divided by c.
4
Let o(a) = -2*a + 2*a**2 + 0*a - 2*a + 0 - 1. Calculate the remainder when o(7) is divided by 12.
9
Let v = 529 - 374. Suppose 0 = -4*u - 2*f + v + 311, f = 2*u - 243. Calculate the remainder when u is divided by 12.
11
Suppose -6*o = o - 91. Suppose -o*h = -17*h + 36. Calculate the remainder when 44 is divided by h.
8
What is 